 Let f = -16529 + 16548. What is the remainder when b is divided by f?
13
Let t(m) = 73*m**2 + 8*m - 136. Calculate the remainder when t(-6) is divided by 50.
44
Let i(y) be the second derivative of y**4/12 + 31*y**3/6 + 39*y**2 + y - 19. Calculate the remainder when i(-33) is divided by 74.
70
Let v = 53925 - 53905. Calculate the remainder when (-2)/9 + 3219/27 is divided by v.
19
Suppose y + 2*p = 127, 5*y - 384 = -5*p + 226. Calculate the remainder when 1545 is divided by y.
24
Let q(v) = -7*v**2 + 65*v - 88. Suppose 100 = 2*u + 2*u. Calculate the remainder when q(5) is divided by u.
12
Let o = 146457 + -146278. What is the remainder when o is divided by (-36)/(-10)*(5 + 0)?
17
Let v be (-3 - -6)/(-3)*7. What is the remainder when 76 is divided by 1/(-14)*v*52?
24
Let u = 8510 + -8451. Calculate the remainder when 240 is divided by u.
4
Let z(d) = -3*d**3 + 40*d**2 - 10*d - 27. Let v be ((-2)/(-6))/(-1) + (-840)/(-63). What is the remainder when 488 is divided by z(v)?
8
Suppose 0 = -4*w + b + 41, -w + 4*b = 4*w - 65. Suppose 0 = 2*u + z - 82, -4*u = -w*u + 3*z + 227. Calculate the remainder when 83 is divided by u.
40
Let o(w) = 18*w + 168. Let f be o(-19). Let a = f + 224. What is the remainder when 181 is divided by a?
31
What is the remainder when 474 is divided by (-12)/(-16) - ((-4374)/24 - -16)?
140
Suppose -188*c + 214*c = 7202. Calculate the remainder when 1028 is divided by c.
197
Suppose -1405*s + 1400*s = -1315. Suppose -11 = 18*d - s. Calculate the remainder when 795 is divided by d.
11
Suppose g + 4*h - 239 - 316 = 0, 3*h + 2125 = 4*g. Calculate the remainder when g is divided by 209.
117
Suppose -4*a + 2*a + 428 = 2*b, 5*a - 3*b = 1078. Suppose 202*y - a*y + 455 = 0. Calculate the remainder when y is divided by 30.
5
Suppose 4*d + 75*o = 76*o - 165, -3*o = -15. Let c = 5 + -3. What is the remainder when 24 is divided by d/(-8)*(3 - c)?
4
Let t = -107 - -362. Let h = -78 + t. What is the remainder when h is divided by 36?
33
Suppose 5*x = 4*g + 10, x - 2*g = -3*g + 2. Calculate the remainder when (140/x)/(4/(1 + 3)) is divided by 8.
6
Suppose 2*o - z - 145 = 0, -5*o = -5*z - 297 - 78. Calculate the remainder when 244 is divided by o.
34
Let x be (4 - 3) + (-4)/(-2). Let q(z) = -7 + z + 36*z**3 - 12*z**3 - 23*z**x - 2*z**2. Calculate the remainder when 44 is divided by q(3).
4
Let d(s) = -10*s - 116. Let b be d(20). Let x = 319 + b. Calculate the remainder when 7 is divided by x.
1
Let a be (-31)/(-2)*4/2. Let t = a - 21. What is the remainder when 1/(8/(-76))*(-8)/4 is divided by t?
9
What is the remainder when 66/9*(808/(-12))/(64/(-144)) is divided by 123?
4
Suppose -167*s = -168*s + 25. Calculate the remainder when -6 - 1476/(-8) - (-2)/4 is divided by s.
4
Let x(d) = -d + 12. What is the remainder when x(5) is divided by (15*4/9)/(4/(-6)) - -11?
0
Let y = -423 - -95. Let h = -162 - y. Let i = 291 - h. Calculate the remainder when i is divided by 32.
29
Let p(o) = -3*o**3 - o**2 - 5*o - 2. Let h(b) = -114*b + 488. Calculate the remainder when p(-3) is divided by h(4).
21
Let x(a) = -a**2 + a + 27. Let b = 184 + -36. Let p = -138 + b. Calculate the remainder when x(0) is divided by p.
7
Let g = -3517 + 3560. What is the remainder when 520 is divided by g?
4
Calculate the remainder when -10 + 17/(5 + -4) + 224 is divided by 132.
99
Suppose y = 3*y - 2. Let h(x) = x**2 - 20. Calculate the remainder when -27*y*5/(-5) is divided by h(-5).
2
Suppose -18 = -3*n, -2*f = 42*n - 38*n - 1276. Calculate the remainder when f is divided by 44.
10
Suppose -2*w - 4*p = 4, -p + 3 = -32*w + 33*w. Let s(k) = -4*k - 5. Calculate the remainder when s(-4) is divided by w.
3
Suppose 4*b = 16*b - 60. Suppose b*d = 17*a - 13*a + 208, 3*a = 9. What is the remainder when 98 is divided by d?
10
Suppose -5*q - 7 = -27. Suppose 4*y + o - 30 = q, 0 = 4*y + 5*o - 42. Let s = -69508 - -69521. Calculate the remainder when s is divided by y.
5
Let o(k) = k**2 - 20*k + 107. Let g be o(10). Suppose 6*p = g*p - 64. What is the remainder when 255 is divided by p?
63
Suppose 0*u = -4*u - 100. Let l = 59 + u. Let c = 83 - l. What is the remainder when c is divided by 10?
9
Let z(w) = 139*w**2 - 445*w + 35. Calculate the remainder when z(7) is divided by 23.
5
Suppose -78*z + 39552 = 50*z. What is the remainder when z is divided by 51?
3
What is the remainder when 5054 is divided by (-1 + 67)/((-387)/(-86) + (-1 - 2))?
38
Let d(c) = 3 + 0*c + 1 + 2*c. What is the remainder when (-74)/1517 - (-22527)/369 is divided by d(6)?
13
What is the remainder when -1 - -1 - (48 - 49)*6494/2 is divided by 1079?
10
Suppose 234*z - 51 = 232*z - 3*s, -4*s - 30 = -2*z. Suppose 4*f - 463 = -47. Calculate the remainder when f is divided by z.
20
Let b be (5 + -4)/((-2)/(-26)). Suppose -b*c = 2*c + 75. What is the remainder when 1/c + (-2230)/(-25) is divided by 45?
44
Let t = 304 + -297. Suppose q - 253 = -5*i, t*q - 4*i = 4*q + 759. What is the remainder when q is divided by 15?
13
Let h(b) = -8*b + 2. Let z(u) = u**3 - 14*u**2 + 31*u + 5. Let s be z(11). Let m = 59 - s. What is the remainder when m is divided by h(-3)?
24
Suppose 0 = -352*s + 353*s - 298. What is the remainder when s is divided by 27?
1
Let p(w) = -4*w**2 - 35*w + 128. Calculate the remainder when 9829 is divided by p(-11).
27
Let y(j) = -91*j - 3. Let l be y(4). Let q be (4 + l)*(-3)/9. Let w = q - 72. What is the remainder when w is divided by 13?
10
Suppose -3*l + 135 = -5*y, -98*l - 5 = -99*l - 5*y. What is the remainder when 398 is divided by l?
13
Let a = -12 + 14. Suppose -54 - 36 = -2*g + a*z, -5*g + 231 = z. Calculate the remainder when g is divided by 380/16 - (-1)/4.
22
Let j = 426 - 346. What is the remainder when -6*(-1 - 248/(-36))*-9 is divided by j?
78
Suppose 5*y - 65 = -2*c, -3*c - 2*c - 100 = -5*y. Suppose 3*b = y, 0 = m - b + 119 - 30. Let h = m - -169. What is the remainder when h is divided by 29?
27
Let a be -1 + (-52 - 2)/2. Let n = -32 - a. Let c = n + 28. What is the remainder when c is divided by 13?
11
Let q be (-1 + 8)*(-21)/(-147). Calculate the remainder when (-6*16/(-12) - 4)*q is divided by 4.
0
Let z = -373 - -423. Suppose g - 25 = -s, -3*g + 3*s = -16 - 77. Calculate the remainder when z + (-6)/(30/(-5)) is divided by g.
23
Let z be ((13 - 13)/(1 + 1))/2. Suppose z = -19*h + 21*h - 454. Calculate the remainder when h is divided by 38.
37
Suppose -4*a + 5*k = -3*a - 1782, -2*k = 4*a - 7128. Calculate the remainder when a is divided by 15.
12
Let s(j) = j**2 - j + 1. Let b be s(-1). Let r(n) = -n**2 - 16*n - 38. What is the remainder when r(-11) is divided by (7 + (-3)/b)/((-6)/(-4))?
1
Let r(d) = d**2 + 3*d - 4. Let u be r(-7). Suppose u*y = 3*y + 735. What is the remainder when 169 is divided by y?
29
Let v be (-1)/2*1*-18. Let t = v - -2. Suppose 73 = 2*r + 3*p, p - 3*p = r - 39. What is the remainder when r is divided by t?
7
Let x be (-225)/100*(-1096)/6. Suppose -x + 336 = -5*m. What is the remainder when 2/(-7) + 592/14 is divided by m?
12
Let v = 3 - -19. Suppose -3*c - 2*c - 52 = 4*x, -v = x - c. Let t = 32 + x. Calculate the remainder when 39 is divided by t.
11
Let o = -482 + 485. Suppose -r + 242 - 1270 = -3*w, 0 = o*w + 3*r - 1032. What is the remainder when w is divided by 110?
13
Suppose -5*c + 199 = -4*v, -5*c + 94 = 3*v - 98. What is the remainder when 12283 is divided by c?
37
Suppose 0 = -0*g + 9*g - 45. Suppose 4 = -g*i - 6, l + 2*i = -3. What is the remainder when 4 is divided by l?
0
Let u(f) = -8*f**2 + 95*f - 64. Calculate the remainder when u(11) is divided by -4 + (3/3 - -10).
6
Suppose 0 = 184*c - 969 - 503. Let w = 46 - 40. Calculate the remainder when c is divided by w.
2
Suppose -14*u + r - 66 = -18*u, -5*r = -5*u + 45. Suppose 5*q = -10, 0 = 2*n + q - 3 - 5. Calculate the remainder when u is divided by n.
0
Let d(t) = -10*t - 62. Let m be d(-10). Suppose -m = -h + 2*p + 4, 3*h - 150 = -2*p. Calculate the remainder when h is divided by 17.
14
Let t = -349 + 552. Let d = t + -135. Calculate the remainder when d is divided by 14.
12
Suppose 7*a - 83 + 8 = 4*n, -3*n + 25 = a. What is the remainder when 156 is divided by a?
0
Suppose -59 = 3*o - 377. Suppose 10*d = -o + 376. Calculate the remainder when 42 is divided by d.
15
Suppose -75*v = 20*v + 323